{"id":2934,"date":"2024-10-04T08:18:12","date_gmt":"2024-10-04T08:18:12","guid":{"rendered":"https:\/\/portalendustriyel.com.tr\/?post_type=product&#038;p=2934"},"modified":"2024-10-04T08:18:58","modified_gmt":"2024-10-04T08:18:58","slug":"m128mxsrj45-c20-x-kod-rj45-gige-vision-kamera-kablosu-20mt","status":"publish","type":"product","link":"https:\/\/portalendustriyel.com.tr\/index.php\/urun\/m128mxsrj45-c20-x-kod-rj45-gige-vision-kamera-kablosu-20mt\/","title":{"rendered":"M128MXSRJ45-C20 X Kod-RJ45 GigE Vision Kamera Kablosu 20mt"},"content":{"rendered":"<p>M128MXSRJ45-c20<\/p>\n<p>M12 X kodlu 8-Pin Erkek RJ45\u00a0 Kablo 20mt<\/p>\n<p>26AWG Cat5E kablosu<br \/>\n\u00d6zellikler: a\u015f\u0131nmaya dayan\u0131kl\u0131, aleve dayan\u0131kl\u0131, burulmaya dayan\u0131kl\u0131, \u0131s\u0131ya dayan\u0131kl\u0131.<\/p>\n<p>Y\u00fcksek esneklik, s\u00fcr\u00fckleme zinciri testi 20KK \u00e7evrimi.<br \/>\n%99 korumal\u0131, g\u00fcvenilir sinyal iletimi, EMI Ortam\u0131nda 360 derece \u00e7ok y\u00f6nl\u00fc Koruma.<br \/>\nEnd\u00fcstriyel makineler, Sony Cognex CCD kameralar, Matrix Vision Kamera, Triton kamera modelleri, Network, Ethernet, G\u00fc\u00e7 i\u00e7in.<\/p>\n<p>Uygulama: End\u00fcstriyel Makine \/ EtherCAT ve EtherNet\/IP \/ Fabrika Otomasyonu<\/p>\n<p>Enjeksiyon Bask\u0131<br \/>\nKablo Damar Kesiti [mm\u00b2] 0,22<br \/>\nKoruma S\u0131n\u0131f\u0131 IP65<br \/>\n\u00c7al\u0131\u015fma S\u0131cakl\u0131\u011f\u0131 [\u02daC] -25\u2026+85<\/p>\n<p>&nbsp;<\/p>\n<p><a href=\"https:\/\/portalendustriyel.com.tr\/wp-content\/uploads\/2024\/10\/M128MXSRJ45.pdf\" target=\"_blank\" rel=\"noopener\"><span style=\"color: #ff9900;\"><strong>TEKN\u0130K DOK\u00dcMAN<\/strong><\/span><\/a><\/p>\n","protected":false},"excerpt":{"rendered":"<p>M128MXSRJ45-c20 M12 X kodlu 8-Pin Erkek RJ45\u00a0 Kablo 20mt 26AWG Cat5E kablosu \u00d6zellikler: a\u015f\u0131nmaya dayan\u0131kl\u0131, aleve dayan\u0131kl\u0131, burulmaya dayan\u0131kl\u0131, \u0131s\u0131ya dayan\u0131kl\u0131. Y\u00fcksek esneklik, s\u00fcr\u00fckleme zinciri testi 20KK \u00e7evrimi. %99 korumal\u0131, g\u00fcvenilir sinyal iletimi, EMI Ortam\u0131nda 360 derece \u00e7ok y\u00f6nl\u00fc Koruma. End\u00fcstriyel makineler, Sony Cognex CCD kameralar, Matrix Vision Kamera, Triton kamera modelleri, Network, Ethernet, G\u00fc\u00e7&hellip;&nbsp;<a href=\"https:\/\/portalendustriyel.com.tr\/index.php\/urun\/m128mxsrj45-c20-x-kod-rj45-gige-vision-kamera-kablosu-20mt\/\" rel=\"bookmark\">Daha fazlas\u0131n\u0131 oku &raquo;<span class=\"screen-reader-text\">M128MXSRJ45-C20 X Kod-RJ45 GigE Vision Kamera Kablosu 20mt<\/span><\/a><\/p>\n","protected":false},"featured_media":2929,"comment_status":"open","ping_status":"closed","template":"","meta":{"neve_meta_sidebar":"","neve_meta_container":"full-width","neve_meta_enable_content_width":"off","neve_meta_content_width":100,"neve_meta_title_alignment":"","neve_meta_author_avatar":"","neve_post_elements_order":"","neve_meta_disable_header":"","neve_meta_disable_footer":"","neve_meta_disable_title":""},"product_brand":[],"product_cat":[902],"product_tag":[925,926,924],"class_list":{"0":"post-2934","1":"product","2":"type-product","3":"status-publish","4":"has-post-thumbnail","6":"product_cat-ozel-tip-soket-ve-parcalar","7":"product_tag-m12-x-kod-rj45-endustriyel-kamera-kablosu","8":"product_tag-m12-x-kodlu-gige-vision-kablo","9":"product_tag-m128mxsrj45","11":"first","12":"instock","13":"shipping-taxable","14":"product-type-simple"},"yoast_head":"<!-- This site is optimized with the Yoast SEO plugin v27.4 - https:\/\/yoast.com\/product\/yoast-seo-wordpress\/ -->\n<title>M128MXSRJ45-C20 X Kod-RJ45 GigE Vision Kamera Kablosu 20mt -<\/title>\n<meta name=\"description\" content=\"m12 x kod 8 pin erkek rj45 cat5e kablo, m12 x kodlu kamera ve barkod okuyucu kablosu, m12 x kod-rj45 end\u00fcstriyel kamera kablosu\" \/>\n<meta name=\"robots\" content=\"index, follow, max-snippet:-1, max-image-preview:large, max-video-preview:-1\" \/>\n<link rel=\"canonical\" href=\"https:\/\/portalendustriyel.com.tr\/index.php\/urun\/m128mxsrj45-c20-x-kod-rj45-gige-vision-kamera-kablosu-20mt\/\" \/>\n<meta property=\"og:locale\" content=\"tr_TR\" \/>\n<meta property=\"og:type\" content=\"article\" \/>\n<meta property=\"og:title\" content=\"M128MXSRJ45-C20 X Kod-RJ45 GigE Vision Kamera Kablosu 20mt -\" \/>\n<meta property=\"og:description\" content=\"m12 x kod 8 pin erkek rj45 cat5e kablo, m12 x kodlu kamera ve barkod okuyucu kablosu, m12 x kod-rj45 end\u00fcstriyel kamera kablosu\" \/>\n<meta property=\"og:url\" content=\"https:\/\/portalendustriyel.com.tr\/index.php\/urun\/m128mxsrj45-c20-x-kod-rj45-gige-vision-kamera-kablosu-20mt\/\" \/>\n<meta property=\"article:modified_time\" content=\"2024-10-04T08:18:58+00:00\" \/>\n<meta property=\"og:image\" content=\"https:\/\/portalendustriyel.com.tr\/wp-content\/uploads\/2024\/10\/M128MXSRJ45-C5.jpg\" \/>\n\t<meta property=\"og:image:width\" content=\"500\" \/>\n\t<meta property=\"og:image:height\" content=\"500\" \/>\n\t<meta property=\"og:image:type\" content=\"image\/jpeg\" \/>\n<meta name=\"twitter:card\" content=\"summary_large_image\" \/>\n<meta name=\"twitter:label1\" content=\"Tahmini okuma s\u00fcresi\" \/>\n\t<meta name=\"twitter:data1\" content=\"1 dakika\" \/>\n<script type=\"application\/ld+json\" class=\"yoast-schema-graph\">{\"@context\":\"https:\\\/\\\/schema.org\",\"@graph\":[{\"@type\":\"WebPage\",\"@id\":\"https:\\\/\\\/portalendustriyel.com.tr\\\/index.php\\\/urun\\\/m128mxsrj45-c20-x-kod-rj45-gige-vision-kamera-kablosu-20mt\\\/\",\"url\":\"https:\\\/\\\/portalendustriyel.com.tr\\\/index.php\\\/urun\\\/m128mxsrj45-c20-x-kod-rj45-gige-vision-kamera-kablosu-20mt\\\/\",\"name\":\"M128MXSRJ45-C20 X Kod-RJ45 GigE Vision Kamera Kablosu 20mt -\",\"isPartOf\":{\"@id\":\"https:\\\/\\\/portalendustriyel.com.tr\\\/#website\"},\"primaryImageOfPage\":{\"@id\":\"https:\\\/\\\/portalendustriyel.com.tr\\\/index.php\\\/urun\\\/m128mxsrj45-c20-x-kod-rj45-gige-vision-kamera-kablosu-20mt\\\/#primaryimage\"},\"image\":{\"@id\":\"https:\\\/\\\/portalendustriyel.com.tr\\\/index.php\\\/urun\\\/m128mxsrj45-c20-x-kod-rj45-gige-vision-kamera-kablosu-20mt\\\/#primaryimage\"},\"thumbnailUrl\":\"https:\\\/\\\/portalendustriyel.com.tr\\\/wp-content\\\/uploads\\\/2024\\\/10\\\/M128MXSRJ45-C5.jpg\",\"datePublished\":\"2024-10-04T08:18:12+00:00\",\"dateModified\":\"2024-10-04T08:18:58+00:00\",\"description\":\"m12 x kod 8 pin erkek rj45 cat5e kablo, m12 x kodlu kamera ve barkod okuyucu kablosu, m12 x kod-rj45 end\u00fcstriyel kamera kablosu\",\"breadcrumb\":{\"@id\":\"https:\\\/\\\/portalendustriyel.com.tr\\\/index.php\\\/urun\\\/m128mxsrj45-c20-x-kod-rj45-gige-vision-kamera-kablosu-20mt\\\/#breadcrumb\"},\"inLanguage\":\"tr\",\"potentialAction\":[{\"@type\":\"ReadAction\",\"target\":[\"https:\\\/\\\/portalendustriyel.com.tr\\\/index.php\\\/urun\\\/m128mxsrj45-c20-x-kod-rj45-gige-vision-kamera-kablosu-20mt\\\/\"]}]},{\"@type\":\"ImageObject\",\"inLanguage\":\"tr\",\"@id\":\"https:\\\/\\\/portalendustriyel.com.tr\\\/index.php\\\/urun\\\/m128mxsrj45-c20-x-kod-rj45-gige-vision-kamera-kablosu-20mt\\\/#primaryimage\",\"url\":\"https:\\\/\\\/portalendustriyel.com.tr\\\/wp-content\\\/uploads\\\/2024\\\/10\\\/M128MXSRJ45-C5.jpg\",\"contentUrl\":\"https:\\\/\\\/portalendustriyel.com.tr\\\/wp-content\\\/uploads\\\/2024\\\/10\\\/M128MXSRJ45-C5.jpg\",\"width\":500,\"height\":500},{\"@type\":\"BreadcrumbList\",\"@id\":\"https:\\\/\\\/portalendustriyel.com.tr\\\/index.php\\\/urun\\\/m128mxsrj45-c20-x-kod-rj45-gige-vision-kamera-kablosu-20mt\\\/#breadcrumb\",\"itemListElement\":[{\"@type\":\"ListItem\",\"position\":1,\"name\":\"Anasayfa\",\"item\":\"https:\\\/\\\/portalendustriyel.com.tr\\\/\"},{\"@type\":\"ListItem\",\"position\":2,\"name\":\"Ma\u011faza\",\"item\":\"https:\\\/\\\/portalendustriyel.com.tr\\\/index.php\\\/magaza\\\/\"},{\"@type\":\"ListItem\",\"position\":3,\"name\":\"M128MXSRJ45-C20 X Kod-RJ45 GigE Vision Kamera Kablosu 20mt\"}]},{\"@type\":\"WebSite\",\"@id\":\"https:\\\/\\\/portalendustriyel.com.tr\\\/#website\",\"url\":\"https:\\\/\\\/portalendustriyel.com.tr\\\/\",\"name\":\"www.portalendustriyel.com.tr\",\"description\":\"End&uuml;striyel &Ccedil;&ouml;z&uuml;m Orta\u011f\u0131n\u0131z\",\"publisher\":{\"@id\":\"https:\\\/\\\/portalendustriyel.com.tr\\\/#organization\"},\"potentialAction\":[{\"@type\":\"SearchAction\",\"target\":{\"@type\":\"EntryPoint\",\"urlTemplate\":\"https:\\\/\\\/portalendustriyel.com.tr\\\/?s={search_term_string}\"},\"query-input\":{\"@type\":\"PropertyValueSpecification\",\"valueRequired\":true,\"valueName\":\"search_term_string\"}}],\"inLanguage\":\"tr\"},{\"@type\":\"Organization\",\"@id\":\"https:\\\/\\\/portalendustriyel.com.tr\\\/#organization\",\"name\":\"Portal End\u00fcstriyel Sistemler San. ve Tic. Ltd. \u015eti\",\"url\":\"https:\\\/\\\/portalendustriyel.com.tr\\\/\",\"logo\":{\"@type\":\"ImageObject\",\"inLanguage\":\"tr\",\"@id\":\"https:\\\/\\\/portalendustriyel.com.tr\\\/#\\\/schema\\\/logo\\\/image\\\/\",\"url\":\"https:\\\/\\\/portalendustriyel.com.tr\\\/wp-content\\\/uploads\\\/2023\\\/10\\\/Portal-Logo.jpg\",\"contentUrl\":\"https:\\\/\\\/portalendustriyel.com.tr\\\/wp-content\\\/uploads\\\/2023\\\/10\\\/Portal-Logo.jpg\",\"width\":1277,\"height\":460,\"caption\":\"Portal End\u00fcstriyel Sistemler San. ve Tic. Ltd. \u015eti\"},\"image\":{\"@id\":\"https:\\\/\\\/portalendustriyel.com.tr\\\/#\\\/schema\\\/logo\\\/image\\\/\"},\"sameAs\":[\"https:\\\/\\\/www.linkedin.com\\\/company\\\/101302018\\\/admin\\\/feed\\\/posts\\\/\"]}]}<\/script>\n<!-- \/ Yoast SEO plugin. -->","yoast_head_json":{"title":"M128MXSRJ45-C20 X Kod-RJ45 GigE Vision Kamera Kablosu 20mt -","description":"m12 x kod 8 pin erkek rj45 cat5e kablo, m12 x kodlu kamera ve barkod okuyucu kablosu, m12 x kod-rj45 end\u00fcstriyel kamera kablosu","robots":{"index":"index","follow":"follow","max-snippet":"max-snippet:-1","max-image-preview":"max-image-preview:large","max-video-preview":"max-video-preview:-1"},"canonical":"https:\/\/portalendustriyel.com.tr\/index.php\/urun\/m128mxsrj45-c20-x-kod-rj45-gige-vision-kamera-kablosu-20mt\/","og_locale":"tr_TR","og_type":"article","og_title":"M128MXSRJ45-C20 X Kod-RJ45 GigE Vision Kamera Kablosu 20mt -","og_description":"m12 x kod 8 pin erkek rj45 cat5e kablo, m12 x kodlu kamera ve barkod okuyucu kablosu, m12 x kod-rj45 end\u00fcstriyel kamera kablosu","og_url":"https:\/\/portalendustriyel.com.tr\/index.php\/urun\/m128mxsrj45-c20-x-kod-rj45-gige-vision-kamera-kablosu-20mt\/","article_modified_time":"2024-10-04T08:18:58+00:00","og_image":[{"width":500,"height":500,"url":"https:\/\/portalendustriyel.com.tr\/wp-content\/uploads\/2024\/10\/M128MXSRJ45-C5.jpg","type":"image\/jpeg"}],"twitter_card":"summary_large_image","twitter_misc":{"Tahmini okuma s\u00fcresi":"1 dakika"},"schema":{"@context":"https:\/\/schema.org","@graph":[{"@type":"WebPage","@id":"https:\/\/portalendustriyel.com.tr\/index.php\/urun\/m128mxsrj45-c20-x-kod-rj45-gige-vision-kamera-kablosu-20mt\/","url":"https:\/\/portalendustriyel.com.tr\/index.php\/urun\/m128mxsrj45-c20-x-kod-rj45-gige-vision-kamera-kablosu-20mt\/","name":"M128MXSRJ45-C20 X Kod-RJ45 GigE Vision Kamera Kablosu 20mt -","isPartOf":{"@id":"https:\/\/portalendustriyel.com.tr\/#website"},"primaryImageOfPage":{"@id":"https:\/\/portalendustriyel.com.tr\/index.php\/urun\/m128mxsrj45-c20-x-kod-rj45-gige-vision-kamera-kablosu-20mt\/#primaryimage"},"image":{"@id":"https:\/\/portalendustriyel.com.tr\/index.php\/urun\/m128mxsrj45-c20-x-kod-rj45-gige-vision-kamera-kablosu-20mt\/#primaryimage"},"thumbnailUrl":"https:\/\/portalendustriyel.com.tr\/wp-content\/uploads\/2024\/10\/M128MXSRJ45-C5.jpg","datePublished":"2024-10-04T08:18:12+00:00","dateModified":"2024-10-04T08:18:58+00:00","description":"m12 x kod 8 pin erkek rj45 cat5e kablo, m12 x kodlu kamera ve barkod okuyucu kablosu, m12 x kod-rj45 end\u00fcstriyel kamera kablosu","breadcrumb":{"@id":"https:\/\/portalendustriyel.com.tr\/index.php\/urun\/m128mxsrj45-c20-x-kod-rj45-gige-vision-kamera-kablosu-20mt\/#breadcrumb"},"inLanguage":"tr","potentialAction":[{"@type":"ReadAction","target":["https:\/\/portalendustriyel.com.tr\/index.php\/urun\/m128mxsrj45-c20-x-kod-rj45-gige-vision-kamera-kablosu-20mt\/"]}]},{"@type":"ImageObject","inLanguage":"tr","@id":"https:\/\/portalendustriyel.com.tr\/index.php\/urun\/m128mxsrj45-c20-x-kod-rj45-gige-vision-kamera-kablosu-20mt\/#primaryimage","url":"https:\/\/portalendustriyel.com.tr\/wp-content\/uploads\/2024\/10\/M128MXSRJ45-C5.jpg","contentUrl":"https:\/\/portalendustriyel.com.tr\/wp-content\/uploads\/2024\/10\/M128MXSRJ45-C5.jpg","width":500,"height":500},{"@type":"BreadcrumbList","@id":"https:\/\/portalendustriyel.com.tr\/index.php\/urun\/m128mxsrj45-c20-x-kod-rj45-gige-vision-kamera-kablosu-20mt\/#breadcrumb","itemListElement":[{"@type":"ListItem","position":1,"name":"Anasayfa","item":"https:\/\/portalendustriyel.com.tr\/"},{"@type":"ListItem","position":2,"name":"Ma\u011faza","item":"https:\/\/portalendustriyel.com.tr\/index.php\/magaza\/"},{"@type":"ListItem","position":3,"name":"M128MXSRJ45-C20 X Kod-RJ45 GigE Vision Kamera Kablosu 20mt"}]},{"@type":"WebSite","@id":"https:\/\/portalendustriyel.com.tr\/#website","url":"https:\/\/portalendustriyel.com.tr\/","name":"www.portalendustriyel.com.tr","description":"End&uuml;striyel &Ccedil;&ouml;z&uuml;m Orta\u011f\u0131n\u0131z","publisher":{"@id":"https:\/\/portalendustriyel.com.tr\/#organization"},"potentialAction":[{"@type":"SearchAction","target":{"@type":"EntryPoint","urlTemplate":"https:\/\/portalendustriyel.com.tr\/?s={search_term_string}"},"query-input":{"@type":"PropertyValueSpecification","valueRequired":true,"valueName":"search_term_string"}}],"inLanguage":"tr"},{"@type":"Organization","@id":"https:\/\/portalendustriyel.com.tr\/#organization","name":"Portal End\u00fcstriyel Sistemler San. ve Tic. Ltd. \u015eti","url":"https:\/\/portalendustriyel.com.tr\/","logo":{"@type":"ImageObject","inLanguage":"tr","@id":"https:\/\/portalendustriyel.com.tr\/#\/schema\/logo\/image\/","url":"https:\/\/portalendustriyel.com.tr\/wp-content\/uploads\/2023\/10\/Portal-Logo.jpg","contentUrl":"https:\/\/portalendustriyel.com.tr\/wp-content\/uploads\/2023\/10\/Portal-Logo.jpg","width":1277,"height":460,"caption":"Portal End\u00fcstriyel Sistemler San. ve Tic. Ltd. \u015eti"},"image":{"@id":"https:\/\/portalendustriyel.com.tr\/#\/schema\/logo\/image\/"},"sameAs":["https:\/\/www.linkedin.com\/company\/101302018\/admin\/feed\/posts\/"]}]}},"_links":{"self":[{"href":"https:\/\/portalendustriyel.com.tr\/index.php\/wp-json\/wp\/v2\/product\/2934","targetHints":{"allow":["GET"]}}],"collection":[{"href":"https:\/\/portalendustriyel.com.tr\/index.php\/wp-json\/wp\/v2\/product"}],"about":[{"href":"https:\/\/portalendustriyel.com.tr\/index.php\/wp-json\/wp\/v2\/types\/product"}],"replies":[{"embeddable":true,"href":"https:\/\/portalendustriyel.com.tr\/index.php\/wp-json\/wp\/v2\/comments?post=2934"}],"wp:featuredmedia":[{"embeddable":true,"href":"https:\/\/portalendustriyel.com.tr\/index.php\/wp-json\/wp\/v2\/media\/2929"}],"wp:attachment":[{"href":"https:\/\/portalendustriyel.com.tr\/index.php\/wp-json\/wp\/v2\/media?parent=2934"}],"wp:term":[{"taxonomy":"product_brand","embeddable":true,"href":"https:\/\/portalendustriyel.com.tr\/index.php\/wp-json\/wp\/v2\/product_brand?post=2934"},{"taxonomy":"product_cat","embeddable":true,"href":"https:\/\/portalendustriyel.com.tr\/index.php\/wp-json\/wp\/v2\/product_cat?post=2934"},{"taxonomy":"product_tag","embeddable":true,"href":"https:\/\/portalendustriyel.com.tr\/index.php\/wp-json\/wp\/v2\/product_tag?post=2934"}],"curies":[{"name":"wp","href":"https:\/\/api.w.org\/{rel}","templated":true}]}}