{"id":4892,"date":"2025-01-18T10:14:06","date_gmt":"2025-01-18T10:14:06","guid":{"rendered":"https:\/\/portalendustriyel.com.tr\/?post_type=product&#038;p=4892"},"modified":"2025-01-18T10:30:20","modified_gmt":"2025-01-18T10:30:20","slug":"pu-kumas-sungerli-teach-pendant-kilifi","status":"publish","type":"product","link":"https:\/\/portalendustriyel.com.tr\/index.php\/urun\/pu-kumas-sungerli-teach-pendant-kilifi\/","title":{"rendered":"PU Kuma\u015f S\u00fcngerli Teach Pendant K\u0131l\u0131f\u0131"},"content":{"rendered":"<h2 data-sourcepos=\"1:1-1:74\">PU Kuma\u015f S\u00fcngerli Teach Pendant K\u0131l\u0131f\u0131<\/h2>\n<h2 data-sourcepos=\"1:1-1:74\">Robot Teach Pendant \u00dcnitesinin Korunmas\u0131nda K\u0131l\u0131f\u0131n \u00d6nemi<\/h2>\n<p data-sourcepos=\"3:1-3:213\"><strong>Robot teach pendant \u00fcnitesi<\/strong>, robotun programlanmas\u0131 ve kontrol edilmesi i\u00e7in kullan\u0131lan, genellikle dokunmatik bir ekrana sahip cihaza denir.\u00a0 Bu nedenle, \u00e7e\u015fitli risklere kar\u015f\u0131 teach pendant \u00fcnitenizi korunman\u0131z gerekir.<\/p>\n<h3 data-sourcepos=\"5:1-5:30\">Korunmas\u0131 Gereken Durumlar<\/h3>\n<ul data-sourcepos=\"7:1-12:0\">\n<li data-sourcepos=\"7:1-7:74\"><strong>Fiziksel Hasar:<\/strong> \u00c7arpma, d\u00fc\u015fme, s\u0131v\u0131 temas\u0131ndan kaynaklanan hasarlar<\/li>\n<li data-sourcepos=\"8:1-8:92\"><strong>Elektrostatik Bo\u015falma (ESD):<\/strong> Elektronik bile\u015fenlere zarar verebilecek statik elektrik<\/li>\n<li data-sourcepos=\"9:1-9:67\"><strong>Toz ve Kirlenme:<\/strong> Ekran\u0131n ve d\u00fc\u011fmelerin hassasiyetini azalt\u0131r<\/li>\n<li data-sourcepos=\"10:1-10:66\"><strong>Is\u0131:<\/strong> A\u015f\u0131r\u0131 s\u0131cakl\u0131k, elektronik bile\u015fenlere zarar verebilir<\/li>\n<li data-sourcepos=\"11:1-12:0\"><strong>Nem:<\/strong> Paslanma ve k\u0131sa devre riskini art\u0131r\u0131r<\/li>\n<\/ul>\n<h3 data-sourcepos=\"13:1-13:21\">K\u0131l\u0131f ile Koruma Y\u00f6ntemleri<\/h3>\n<p data-sourcepos=\"13:1-13:21\"><strong>K\u0131l\u0131f Kullan\u0131m\u0131: <\/strong>\u00c7izilmelere, darbelere ve s\u0131v\u0131 s\u0131\u00e7ramalar\u0131na kar\u015f\u0131 dayan\u0131kl\u0131 Portal End\u00fcstriyel Sistemler k\u0131l\u0131flar\u0131 kullan\u0131lmal\u0131.<\/p>\n<p data-sourcepos=\"13:1-13:21\">B\u00f6ylece teach pendant \u00fcnitenizi darbe ve d\u00fc\u015fme sonucu olu\u015facak hasarlara kar\u015f\u0131 korumu\u015f olursunuz.<\/p>\n<p><strong>Ekran Koruyucu:<\/strong> Her marka teach pendant \u00fcniteniz i\u00e7in ekran \u00e7izilmelerine ve k\u0131r\u0131lmalara Portal End\u00fcstriyel Sistemlerin sundu\u011fu \u00f6zel k\u0131r\u0131lmaz ekran koruyucu kullanmal\u0131s\u0131n\u0131z. B\u00f6ylece teach pendant \u00fcnitenizin ya\u011f ve kirden temizlemek i\u00e7in dezenfektan \u00fcr\u00fcnlerini de rahatl\u0131kla kullanabilirsiniz.<\/p>\n<p><strong>Kablo Koruma K\u0131l\u0131flar\u0131 :<\/strong> Teach pendant \u00fcnitesindeki kablolar\u0131, a\u015f\u0131nma ve kopmalara kar\u015f\u0131 korumak i\u00e7in Portal End\u00fcstriyel Sistemler\u00a0 <a href=\"https:\/\/portalendustriyel.com.tr\/index.php\/kablo-koruma-kilifi\/\">kablo koruyucular\u0131<\/a> kullanmal\u0131s\u0131n\u0131z.<\/p>\n<p data-sourcepos=\"44:1-44:120\">Bu \u00f6nlemler sayesinde, robot teach pendant \u00fcnitenizi uzun s\u00fcre problemsiz kullanabilirsiniz.<\/p>\n","protected":false},"excerpt":{"rendered":"<p>PU Kuma\u015f S\u00fcngerli Teach Pendant K\u0131l\u0131f\u0131 Robot Teach Pendant \u00dcnitesinin Korunmas\u0131nda K\u0131l\u0131f\u0131n \u00d6nemi Robot teach pendant \u00fcnitesi, robotun programlanmas\u0131 ve kontrol edilmesi i\u00e7in kullan\u0131lan, genellikle dokunmatik bir ekrana sahip cihaza denir.\u00a0 Bu nedenle, \u00e7e\u015fitli risklere kar\u015f\u0131 teach pendant \u00fcnitenizi korunman\u0131z gerekir. Korunmas\u0131 Gereken Durumlar Fiziksel Hasar: \u00c7arpma, d\u00fc\u015fme, s\u0131v\u0131 temas\u0131ndan kaynaklanan hasarlar Elektrostatik Bo\u015falma (ESD):&hellip;&nbsp;<a href=\"https:\/\/portalendustriyel.com.tr\/index.php\/urun\/pu-kumas-sungerli-teach-pendant-kilifi\/\" rel=\"bookmark\">Daha fazlas\u0131n\u0131 oku &raquo;<span class=\"screen-reader-text\">PU Kuma\u015f S\u00fcngerli Teach Pendant K\u0131l\u0131f\u0131<\/span><\/a><\/p>\n","protected":false},"featured_media":4893,"comment_status":"open","ping_status":"closed","template":"","meta":{"neve_meta_sidebar":"","neve_meta_container":"full-width","neve_meta_enable_content_width":"off","neve_meta_content_width":100,"neve_meta_title_alignment":"","neve_meta_author_avatar":"","neve_post_elements_order":"","neve_meta_disable_header":"","neve_meta_disable_footer":"","neve_meta_disable_title":""},"product_brand":[],"product_cat":[2656],"product_tag":[2655,2653,2654],"class_list":{"0":"post-4892","1":"product","2":"type-product","3":"status-publish","4":"has-post-thumbnail","6":"product_cat-teach-pendant-kiliflari","7":"product_tag-abb-kuka-yaskawa-universal-robot-teach-pendant-kilifi","8":"product_tag-pu-kumas-sungerli-teach-pendant-kilifi","9":"product_tag-teach-pendant-koruma-kilifi","11":"first","12":"instock","13":"shipping-taxable","14":"product-type-simple"},"yoast_head":"<!-- This site is optimized with the Yoast SEO plugin v27.4 - https:\/\/yoast.com\/product\/yoast-seo-wordpress\/ -->\n<title>PU Kuma\u015f S\u00fcngerli Teach Pendant K\u0131l\u0131f\u0131 -<\/title>\n<meta name=\"description\" content=\"PU Kuma\u015f S\u00fcngerli Teach Pendant K\u0131l\u0131f\u0131, teach pendant koruma k\u0131l\u0131f\u0131, abb kuka yaskawa universal robot teach pendant k\u0131l\u0131f\u0131\" \/>\n<meta name=\"robots\" content=\"index, follow, max-snippet:-1, max-image-preview:large, max-video-preview:-1\" \/>\n<link rel=\"canonical\" href=\"https:\/\/portalendustriyel.com.tr\/index.php\/urun\/pu-kumas-sungerli-teach-pendant-kilifi\/\" \/>\n<meta property=\"og:locale\" content=\"tr_TR\" \/>\n<meta property=\"og:type\" content=\"article\" \/>\n<meta property=\"og:title\" content=\"PU Kuma\u015f S\u00fcngerli Teach Pendant K\u0131l\u0131f\u0131 -\" \/>\n<meta property=\"og:description\" content=\"PU Kuma\u015f S\u00fcngerli Teach Pendant K\u0131l\u0131f\u0131, teach pendant koruma k\u0131l\u0131f\u0131, abb kuka yaskawa universal robot teach pendant k\u0131l\u0131f\u0131\" \/>\n<meta property=\"og:url\" content=\"https:\/\/portalendustriyel.com.tr\/index.php\/urun\/pu-kumas-sungerli-teach-pendant-kilifi\/\" \/>\n<meta property=\"article:modified_time\" content=\"2025-01-18T10:30:20+00:00\" \/>\n<meta property=\"og:image\" content=\"https:\/\/portalendustriyel.com.tr\/wp-content\/uploads\/2025\/01\/portalendustriyel-pu-abb-kuka-yaskawa-universal-teach-pendant-kilifi.jpg\" \/>\n\t<meta property=\"og:image:width\" content=\"500\" \/>\n\t<meta property=\"og:image:height\" content=\"500\" \/>\n\t<meta property=\"og:image:type\" content=\"image\/jpeg\" \/>\n<meta name=\"twitter:card\" content=\"summary_large_image\" \/>\n<meta name=\"twitter:label1\" content=\"Tahmini okuma s\u00fcresi\" \/>\n\t<meta name=\"twitter:data1\" content=\"2 dakika\" \/>\n<script type=\"application\/ld+json\" class=\"yoast-schema-graph\">{\"@context\":\"https:\\\/\\\/schema.org\",\"@graph\":[{\"@type\":\"WebPage\",\"@id\":\"https:\\\/\\\/portalendustriyel.com.tr\\\/index.php\\\/urun\\\/pu-kumas-sungerli-teach-pendant-kilifi\\\/\",\"url\":\"https:\\\/\\\/portalendustriyel.com.tr\\\/index.php\\\/urun\\\/pu-kumas-sungerli-teach-pendant-kilifi\\\/\",\"name\":\"PU Kuma\u015f S\u00fcngerli Teach Pendant K\u0131l\u0131f\u0131 -\",\"isPartOf\":{\"@id\":\"https:\\\/\\\/portalendustriyel.com.tr\\\/#website\"},\"primaryImageOfPage\":{\"@id\":\"https:\\\/\\\/portalendustriyel.com.tr\\\/index.php\\\/urun\\\/pu-kumas-sungerli-teach-pendant-kilifi\\\/#primaryimage\"},\"image\":{\"@id\":\"https:\\\/\\\/portalendustriyel.com.tr\\\/index.php\\\/urun\\\/pu-kumas-sungerli-teach-pendant-kilifi\\\/#primaryimage\"},\"thumbnailUrl\":\"https:\\\/\\\/portalendustriyel.com.tr\\\/wp-content\\\/uploads\\\/2025\\\/01\\\/portalendustriyel-pu-abb-kuka-yaskawa-universal-teach-pendant-kilifi.jpg\",\"datePublished\":\"2025-01-18T10:14:06+00:00\",\"dateModified\":\"2025-01-18T10:30:20+00:00\",\"description\":\"PU Kuma\u015f S\u00fcngerli Teach Pendant K\u0131l\u0131f\u0131, teach pendant koruma k\u0131l\u0131f\u0131, abb kuka yaskawa universal robot teach pendant k\u0131l\u0131f\u0131\",\"breadcrumb\":{\"@id\":\"https:\\\/\\\/portalendustriyel.com.tr\\\/index.php\\\/urun\\\/pu-kumas-sungerli-teach-pendant-kilifi\\\/#breadcrumb\"},\"inLanguage\":\"tr\",\"potentialAction\":[{\"@type\":\"ReadAction\",\"target\":[\"https:\\\/\\\/portalendustriyel.com.tr\\\/index.php\\\/urun\\\/pu-kumas-sungerli-teach-pendant-kilifi\\\/\"]}]},{\"@type\":\"ImageObject\",\"inLanguage\":\"tr\",\"@id\":\"https:\\\/\\\/portalendustriyel.com.tr\\\/index.php\\\/urun\\\/pu-kumas-sungerli-teach-pendant-kilifi\\\/#primaryimage\",\"url\":\"https:\\\/\\\/portalendustriyel.com.tr\\\/wp-content\\\/uploads\\\/2025\\\/01\\\/portalendustriyel-pu-abb-kuka-yaskawa-universal-teach-pendant-kilifi.jpg\",\"contentUrl\":\"https:\\\/\\\/portalendustriyel.com.tr\\\/wp-content\\\/uploads\\\/2025\\\/01\\\/portalendustriyel-pu-abb-kuka-yaskawa-universal-teach-pendant-kilifi.jpg\",\"width\":500,\"height\":500},{\"@type\":\"BreadcrumbList\",\"@id\":\"https:\\\/\\\/portalendustriyel.com.tr\\\/index.php\\\/urun\\\/pu-kumas-sungerli-teach-pendant-kilifi\\\/#breadcrumb\",\"itemListElement\":[{\"@type\":\"ListItem\",\"position\":1,\"name\":\"Anasayfa\",\"item\":\"https:\\\/\\\/portalendustriyel.com.tr\\\/\"},{\"@type\":\"ListItem\",\"position\":2,\"name\":\"Ma\u011faza\",\"item\":\"https:\\\/\\\/portalendustriyel.com.tr\\\/index.php\\\/magaza\\\/\"},{\"@type\":\"ListItem\",\"position\":3,\"name\":\"PU Kuma\u015f S\u00fcngerli Teach Pendant K\u0131l\u0131f\u0131\"}]},{\"@type\":\"WebSite\",\"@id\":\"https:\\\/\\\/portalendustriyel.com.tr\\\/#website\",\"url\":\"https:\\\/\\\/portalendustriyel.com.tr\\\/\",\"name\":\"www.portalendustriyel.com.tr\",\"description\":\"End&uuml;striyel &Ccedil;&ouml;z&uuml;m Orta\u011f\u0131n\u0131z\",\"publisher\":{\"@id\":\"https:\\\/\\\/portalendustriyel.com.tr\\\/#organization\"},\"potentialAction\":[{\"@type\":\"SearchAction\",\"target\":{\"@type\":\"EntryPoint\",\"urlTemplate\":\"https:\\\/\\\/portalendustriyel.com.tr\\\/?s={search_term_string}\"},\"query-input\":{\"@type\":\"PropertyValueSpecification\",\"valueRequired\":true,\"valueName\":\"search_term_string\"}}],\"inLanguage\":\"tr\"},{\"@type\":\"Organization\",\"@id\":\"https:\\\/\\\/portalendustriyel.com.tr\\\/#organization\",\"name\":\"Portal End\u00fcstriyel Sistemler San. ve Tic. Ltd. \u015eti\",\"url\":\"https:\\\/\\\/portalendustriyel.com.tr\\\/\",\"logo\":{\"@type\":\"ImageObject\",\"inLanguage\":\"tr\",\"@id\":\"https:\\\/\\\/portalendustriyel.com.tr\\\/#\\\/schema\\\/logo\\\/image\\\/\",\"url\":\"https:\\\/\\\/portalendustriyel.com.tr\\\/wp-content\\\/uploads\\\/2023\\\/10\\\/Portal-Logo.jpg\",\"contentUrl\":\"https:\\\/\\\/portalendustriyel.com.tr\\\/wp-content\\\/uploads\\\/2023\\\/10\\\/Portal-Logo.jpg\",\"width\":1277,\"height\":460,\"caption\":\"Portal End\u00fcstriyel Sistemler San. ve Tic. Ltd. \u015eti\"},\"image\":{\"@id\":\"https:\\\/\\\/portalendustriyel.com.tr\\\/#\\\/schema\\\/logo\\\/image\\\/\"},\"sameAs\":[\"https:\\\/\\\/www.linkedin.com\\\/company\\\/101302018\\\/admin\\\/feed\\\/posts\\\/\"]}]}<\/script>\n<!-- \/ Yoast SEO plugin. -->","yoast_head_json":{"title":"PU Kuma\u015f S\u00fcngerli Teach Pendant K\u0131l\u0131f\u0131 -","description":"PU Kuma\u015f S\u00fcngerli Teach Pendant K\u0131l\u0131f\u0131, teach pendant koruma k\u0131l\u0131f\u0131, abb kuka yaskawa universal robot teach pendant k\u0131l\u0131f\u0131","robots":{"index":"index","follow":"follow","max-snippet":"max-snippet:-1","max-image-preview":"max-image-preview:large","max-video-preview":"max-video-preview:-1"},"canonical":"https:\/\/portalendustriyel.com.tr\/index.php\/urun\/pu-kumas-sungerli-teach-pendant-kilifi\/","og_locale":"tr_TR","og_type":"article","og_title":"PU Kuma\u015f S\u00fcngerli Teach Pendant K\u0131l\u0131f\u0131 -","og_description":"PU Kuma\u015f S\u00fcngerli Teach Pendant K\u0131l\u0131f\u0131, teach pendant koruma k\u0131l\u0131f\u0131, abb kuka yaskawa universal robot teach pendant k\u0131l\u0131f\u0131","og_url":"https:\/\/portalendustriyel.com.tr\/index.php\/urun\/pu-kumas-sungerli-teach-pendant-kilifi\/","article_modified_time":"2025-01-18T10:30:20+00:00","og_image":[{"width":500,"height":500,"url":"https:\/\/portalendustriyel.com.tr\/wp-content\/uploads\/2025\/01\/portalendustriyel-pu-abb-kuka-yaskawa-universal-teach-pendant-kilifi.jpg","type":"image\/jpeg"}],"twitter_card":"summary_large_image","twitter_misc":{"Tahmini okuma s\u00fcresi":"2 dakika"},"schema":{"@context":"https:\/\/schema.org","@graph":[{"@type":"WebPage","@id":"https:\/\/portalendustriyel.com.tr\/index.php\/urun\/pu-kumas-sungerli-teach-pendant-kilifi\/","url":"https:\/\/portalendustriyel.com.tr\/index.php\/urun\/pu-kumas-sungerli-teach-pendant-kilifi\/","name":"PU Kuma\u015f S\u00fcngerli Teach Pendant K\u0131l\u0131f\u0131 -","isPartOf":{"@id":"https:\/\/portalendustriyel.com.tr\/#website"},"primaryImageOfPage":{"@id":"https:\/\/portalendustriyel.com.tr\/index.php\/urun\/pu-kumas-sungerli-teach-pendant-kilifi\/#primaryimage"},"image":{"@id":"https:\/\/portalendustriyel.com.tr\/index.php\/urun\/pu-kumas-sungerli-teach-pendant-kilifi\/#primaryimage"},"thumbnailUrl":"https:\/\/portalendustriyel.com.tr\/wp-content\/uploads\/2025\/01\/portalendustriyel-pu-abb-kuka-yaskawa-universal-teach-pendant-kilifi.jpg","datePublished":"2025-01-18T10:14:06+00:00","dateModified":"2025-01-18T10:30:20+00:00","description":"PU Kuma\u015f S\u00fcngerli Teach Pendant K\u0131l\u0131f\u0131, teach pendant koruma k\u0131l\u0131f\u0131, abb kuka yaskawa universal robot teach pendant k\u0131l\u0131f\u0131","breadcrumb":{"@id":"https:\/\/portalendustriyel.com.tr\/index.php\/urun\/pu-kumas-sungerli-teach-pendant-kilifi\/#breadcrumb"},"inLanguage":"tr","potentialAction":[{"@type":"ReadAction","target":["https:\/\/portalendustriyel.com.tr\/index.php\/urun\/pu-kumas-sungerli-teach-pendant-kilifi\/"]}]},{"@type":"ImageObject","inLanguage":"tr","@id":"https:\/\/portalendustriyel.com.tr\/index.php\/urun\/pu-kumas-sungerli-teach-pendant-kilifi\/#primaryimage","url":"https:\/\/portalendustriyel.com.tr\/wp-content\/uploads\/2025\/01\/portalendustriyel-pu-abb-kuka-yaskawa-universal-teach-pendant-kilifi.jpg","contentUrl":"https:\/\/portalendustriyel.com.tr\/wp-content\/uploads\/2025\/01\/portalendustriyel-pu-abb-kuka-yaskawa-universal-teach-pendant-kilifi.jpg","width":500,"height":500},{"@type":"BreadcrumbList","@id":"https:\/\/portalendustriyel.com.tr\/index.php\/urun\/pu-kumas-sungerli-teach-pendant-kilifi\/#breadcrumb","itemListElement":[{"@type":"ListItem","position":1,"name":"Anasayfa","item":"https:\/\/portalendustriyel.com.tr\/"},{"@type":"ListItem","position":2,"name":"Ma\u011faza","item":"https:\/\/portalendustriyel.com.tr\/index.php\/magaza\/"},{"@type":"ListItem","position":3,"name":"PU Kuma\u015f S\u00fcngerli Teach Pendant K\u0131l\u0131f\u0131"}]},{"@type":"WebSite","@id":"https:\/\/portalendustriyel.com.tr\/#website","url":"https:\/\/portalendustriyel.com.tr\/","name":"www.portalendustriyel.com.tr","description":"End&uuml;striyel &Ccedil;&ouml;z&uuml;m Orta\u011f\u0131n\u0131z","publisher":{"@id":"https:\/\/portalendustriyel.com.tr\/#organization"},"potentialAction":[{"@type":"SearchAction","target":{"@type":"EntryPoint","urlTemplate":"https:\/\/portalendustriyel.com.tr\/?s={search_term_string}"},"query-input":{"@type":"PropertyValueSpecification","valueRequired":true,"valueName":"search_term_string"}}],"inLanguage":"tr"},{"@type":"Organization","@id":"https:\/\/portalendustriyel.com.tr\/#organization","name":"Portal End\u00fcstriyel Sistemler San. ve Tic. Ltd. \u015eti","url":"https:\/\/portalendustriyel.com.tr\/","logo":{"@type":"ImageObject","inLanguage":"tr","@id":"https:\/\/portalendustriyel.com.tr\/#\/schema\/logo\/image\/","url":"https:\/\/portalendustriyel.com.tr\/wp-content\/uploads\/2023\/10\/Portal-Logo.jpg","contentUrl":"https:\/\/portalendustriyel.com.tr\/wp-content\/uploads\/2023\/10\/Portal-Logo.jpg","width":1277,"height":460,"caption":"Portal End\u00fcstriyel Sistemler San. ve Tic. Ltd. \u015eti"},"image":{"@id":"https:\/\/portalendustriyel.com.tr\/#\/schema\/logo\/image\/"},"sameAs":["https:\/\/www.linkedin.com\/company\/101302018\/admin\/feed\/posts\/"]}]}},"_links":{"self":[{"href":"https:\/\/portalendustriyel.com.tr\/index.php\/wp-json\/wp\/v2\/product\/4892","targetHints":{"allow":["GET"]}}],"collection":[{"href":"https:\/\/portalendustriyel.com.tr\/index.php\/wp-json\/wp\/v2\/product"}],"about":[{"href":"https:\/\/portalendustriyel.com.tr\/index.php\/wp-json\/wp\/v2\/types\/product"}],"replies":[{"embeddable":true,"href":"https:\/\/portalendustriyel.com.tr\/index.php\/wp-json\/wp\/v2\/comments?post=4892"}],"wp:featuredmedia":[{"embeddable":true,"href":"https:\/\/portalendustriyel.com.tr\/index.php\/wp-json\/wp\/v2\/media\/4893"}],"wp:attachment":[{"href":"https:\/\/portalendustriyel.com.tr\/index.php\/wp-json\/wp\/v2\/media?parent=4892"}],"wp:term":[{"taxonomy":"product_brand","embeddable":true,"href":"https:\/\/portalendustriyel.com.tr\/index.php\/wp-json\/wp\/v2\/product_brand?post=4892"},{"taxonomy":"product_cat","embeddable":true,"href":"https:\/\/portalendustriyel.com.tr\/index.php\/wp-json\/wp\/v2\/product_cat?post=4892"},{"taxonomy":"product_tag","embeddable":true,"href":"https:\/\/portalendustriyel.com.tr\/index.php\/wp-json\/wp\/v2\/product_tag?post=4892"}],"curies":[{"name":"wp","href":"https:\/\/api.w.org\/{rel}","templated":true}]}}