{"id":825,"date":"2024-02-04T13:28:27","date_gmt":"2024-02-04T13:28:27","guid":{"rendered":"https:\/\/portalendustriyel.com.tr\/index.php\/urun\/6fx3002-2ct12-1bf0\/"},"modified":"2024-11-01T12:43:49","modified_gmt":"2024-11-01T12:43:49","slug":"siemens-6fx3002-2ct12-1bf0","status":"publish","type":"product","link":"https:\/\/portalendustriyel.com.tr\/index.php\/urun\/siemens-6fx3002-2ct12-1bf0\/","title":{"rendered":"6FX3002-2CT12-1BF0"},"content":{"rendered":"<p>SIEMENS 6FX3002-2CT12-1BF0<br \/>\nIncremental enkoder i\u00e7in \u00f6nceden monte edilmi\u015f<br \/>\nsinyal kablosu TTL S-1 3X2X0.2+2X2X0.25C<br \/>\nMOTION-CONNECT 300 Motor taraf\u0131ndaki konnekt\u00f6r i\u00e7in UL yok<br \/>\nDmax=7,2 mm Uzunluk (m)=15 m D\u00fcz konnekt\u00f6rl\u00fc versiyon Mot<\/p>\n","protected":false},"excerpt":{"rendered":"<p>SIEMENS 6FX3002-2CT12-1BF0 Incremental enkoder i\u00e7in \u00f6nceden monte edilmi\u015f sinyal kablosu TTL S-1 3X2X0.2+2X2X0.25C MOTION-CONNECT 300 Motor taraf\u0131ndaki konnekt\u00f6r i\u00e7in UL yok Dmax=7,2 mm Uzunluk (m)=15 m D\u00fcz konnekt\u00f6rl\u00fc versiyon Mot<\/p>\n","protected":false},"featured_media":4293,"comment_status":"open","ping_status":"closed","template":"","meta":{"neve_meta_sidebar":"","neve_meta_container":"full-width","neve_meta_enable_content_width":"off","neve_meta_content_width":100,"neve_meta_title_alignment":"","neve_meta_author_avatar":"","neve_post_elements_order":"","neve_meta_disable_header":"","neve_meta_disable_footer":"","neve_meta_disable_title":""},"product_brand":[],"product_cat":[45],"product_tag":[2067,2068],"class_list":{"0":"post-825","1":"product","2":"type-product","3":"status-publish","4":"has-post-thumbnail","6":"product_cat-siemens-servo-motor-kablolari","7":"product_tag-siemens-6fx3002-2ct12-1bf0","8":"product_tag-sinyal-kablosu-ttl-s-1-3x2x0-22x2x0-25c","10":"first","11":"instock","12":"shipping-taxable","13":"product-type-simple"},"yoast_head":"<!-- This site is optimized with the Yoast SEO plugin v27.4 - https:\/\/yoast.com\/product\/yoast-seo-wordpress\/ -->\n<title>6FX3002-2CT12-1BF0 -<\/title>\n<meta name=\"description\" content=\"SIEMENS 6FX3002-2CT12-1BF0, sinyal kablosu TTL S-1 3X2X0.2+2X2X0.25C, Dmax=7,2 mm Uzunluk (m)=15 m\" \/>\n<meta name=\"robots\" content=\"index, follow, max-snippet:-1, max-image-preview:large, max-video-preview:-1\" \/>\n<link rel=\"canonical\" href=\"https:\/\/portalendustriyel.com.tr\/index.php\/urun\/siemens-6fx3002-2ct12-1bf0\/\" \/>\n<meta property=\"og:locale\" content=\"tr_TR\" \/>\n<meta property=\"og:type\" content=\"article\" \/>\n<meta property=\"og:title\" content=\"6FX3002-2CT12-1BF0 -\" \/>\n<meta property=\"og:description\" content=\"SIEMENS 6FX3002-2CT12-1BF0, sinyal kablosu TTL S-1 3X2X0.2+2X2X0.25C, Dmax=7,2 mm Uzunluk (m)=15 m\" \/>\n<meta property=\"og:url\" content=\"https:\/\/portalendustriyel.com.tr\/index.php\/urun\/siemens-6fx3002-2ct12-1bf0\/\" \/>\n<meta property=\"article:modified_time\" content=\"2024-11-01T12:43:49+00:00\" \/>\n<meta property=\"og:image\" content=\"https:\/\/portalendustriyel.com.tr\/wp-content\/uploads\/2024\/02\/Portal-Siemens-6FX3002-2CT12-1BF0.jpg\" \/>\n\t<meta property=\"og:image:width\" content=\"500\" \/>\n\t<meta property=\"og:image:height\" content=\"500\" \/>\n\t<meta property=\"og:image:type\" content=\"image\/jpeg\" \/>\n<meta name=\"twitter:card\" content=\"summary_large_image\" \/>\n<meta name=\"twitter:label1\" content=\"Tahmini okuma s\u00fcresi\" \/>\n\t<meta name=\"twitter:data1\" content=\"1 dakika\" \/>\n<script type=\"application\/ld+json\" class=\"yoast-schema-graph\">{\"@context\":\"https:\\\/\\\/schema.org\",\"@graph\":[{\"@type\":\"WebPage\",\"@id\":\"https:\\\/\\\/portalendustriyel.com.tr\\\/index.php\\\/urun\\\/siemens-6fx3002-2ct12-1bf0\\\/\",\"url\":\"https:\\\/\\\/portalendustriyel.com.tr\\\/index.php\\\/urun\\\/siemens-6fx3002-2ct12-1bf0\\\/\",\"name\":\"6FX3002-2CT12-1BF0 -\",\"isPartOf\":{\"@id\":\"https:\\\/\\\/portalendustriyel.com.tr\\\/#website\"},\"primaryImageOfPage\":{\"@id\":\"https:\\\/\\\/portalendustriyel.com.tr\\\/index.php\\\/urun\\\/siemens-6fx3002-2ct12-1bf0\\\/#primaryimage\"},\"image\":{\"@id\":\"https:\\\/\\\/portalendustriyel.com.tr\\\/index.php\\\/urun\\\/siemens-6fx3002-2ct12-1bf0\\\/#primaryimage\"},\"thumbnailUrl\":\"https:\\\/\\\/portalendustriyel.com.tr\\\/wp-content\\\/uploads\\\/2024\\\/02\\\/Portal-Siemens-6FX3002-2CT12-1BF0.jpg\",\"datePublished\":\"2024-02-04T13:28:27+00:00\",\"dateModified\":\"2024-11-01T12:43:49+00:00\",\"description\":\"SIEMENS 6FX3002-2CT12-1BF0, sinyal kablosu TTL S-1 3X2X0.2+2X2X0.25C, Dmax=7,2 mm Uzunluk (m)=15 m\",\"breadcrumb\":{\"@id\":\"https:\\\/\\\/portalendustriyel.com.tr\\\/index.php\\\/urun\\\/siemens-6fx3002-2ct12-1bf0\\\/#breadcrumb\"},\"inLanguage\":\"tr\",\"potentialAction\":[{\"@type\":\"ReadAction\",\"target\":[\"https:\\\/\\\/portalendustriyel.com.tr\\\/index.php\\\/urun\\\/siemens-6fx3002-2ct12-1bf0\\\/\"]}]},{\"@type\":\"ImageObject\",\"inLanguage\":\"tr\",\"@id\":\"https:\\\/\\\/portalendustriyel.com.tr\\\/index.php\\\/urun\\\/siemens-6fx3002-2ct12-1bf0\\\/#primaryimage\",\"url\":\"https:\\\/\\\/portalendustriyel.com.tr\\\/wp-content\\\/uploads\\\/2024\\\/02\\\/Portal-Siemens-6FX3002-2CT12-1BF0.jpg\",\"contentUrl\":\"https:\\\/\\\/portalendustriyel.com.tr\\\/wp-content\\\/uploads\\\/2024\\\/02\\\/Portal-Siemens-6FX3002-2CT12-1BF0.jpg\",\"width\":500,\"height\":500},{\"@type\":\"BreadcrumbList\",\"@id\":\"https:\\\/\\\/portalendustriyel.com.tr\\\/index.php\\\/urun\\\/siemens-6fx3002-2ct12-1bf0\\\/#breadcrumb\",\"itemListElement\":[{\"@type\":\"ListItem\",\"position\":1,\"name\":\"Anasayfa\",\"item\":\"https:\\\/\\\/portalendustriyel.com.tr\\\/\"},{\"@type\":\"ListItem\",\"position\":2,\"name\":\"Ma\u011faza\",\"item\":\"https:\\\/\\\/portalendustriyel.com.tr\\\/index.php\\\/magaza\\\/\"},{\"@type\":\"ListItem\",\"position\":3,\"name\":\"6FX3002-2CT12-1BF0\"}]},{\"@type\":\"WebSite\",\"@id\":\"https:\\\/\\\/portalendustriyel.com.tr\\\/#website\",\"url\":\"https:\\\/\\\/portalendustriyel.com.tr\\\/\",\"name\":\"www.portalendustriyel.com.tr\",\"description\":\"End&uuml;striyel &Ccedil;&ouml;z&uuml;m Orta\u011f\u0131n\u0131z\",\"publisher\":{\"@id\":\"https:\\\/\\\/portalendustriyel.com.tr\\\/#organization\"},\"potentialAction\":[{\"@type\":\"SearchAction\",\"target\":{\"@type\":\"EntryPoint\",\"urlTemplate\":\"https:\\\/\\\/portalendustriyel.com.tr\\\/?s={search_term_string}\"},\"query-input\":{\"@type\":\"PropertyValueSpecification\",\"valueRequired\":true,\"valueName\":\"search_term_string\"}}],\"inLanguage\":\"tr\"},{\"@type\":\"Organization\",\"@id\":\"https:\\\/\\\/portalendustriyel.com.tr\\\/#organization\",\"name\":\"Portal End\u00fcstriyel Sistemler San. ve Tic. Ltd. \u015eti\",\"url\":\"https:\\\/\\\/portalendustriyel.com.tr\\\/\",\"logo\":{\"@type\":\"ImageObject\",\"inLanguage\":\"tr\",\"@id\":\"https:\\\/\\\/portalendustriyel.com.tr\\\/#\\\/schema\\\/logo\\\/image\\\/\",\"url\":\"https:\\\/\\\/portalendustriyel.com.tr\\\/wp-content\\\/uploads\\\/2023\\\/10\\\/Portal-Logo.jpg\",\"contentUrl\":\"https:\\\/\\\/portalendustriyel.com.tr\\\/wp-content\\\/uploads\\\/2023\\\/10\\\/Portal-Logo.jpg\",\"width\":1277,\"height\":460,\"caption\":\"Portal End\u00fcstriyel Sistemler San. ve Tic. Ltd. \u015eti\"},\"image\":{\"@id\":\"https:\\\/\\\/portalendustriyel.com.tr\\\/#\\\/schema\\\/logo\\\/image\\\/\"},\"sameAs\":[\"https:\\\/\\\/www.linkedin.com\\\/company\\\/101302018\\\/admin\\\/feed\\\/posts\\\/\"]}]}<\/script>\n<!-- \/ Yoast SEO plugin. -->","yoast_head_json":{"title":"6FX3002-2CT12-1BF0 -","description":"SIEMENS 6FX3002-2CT12-1BF0, sinyal kablosu TTL S-1 3X2X0.2+2X2X0.25C, Dmax=7,2 mm Uzunluk (m)=15 m","robots":{"index":"index","follow":"follow","max-snippet":"max-snippet:-1","max-image-preview":"max-image-preview:large","max-video-preview":"max-video-preview:-1"},"canonical":"https:\/\/portalendustriyel.com.tr\/index.php\/urun\/siemens-6fx3002-2ct12-1bf0\/","og_locale":"tr_TR","og_type":"article","og_title":"6FX3002-2CT12-1BF0 -","og_description":"SIEMENS 6FX3002-2CT12-1BF0, sinyal kablosu TTL S-1 3X2X0.2+2X2X0.25C, Dmax=7,2 mm Uzunluk (m)=15 m","og_url":"https:\/\/portalendustriyel.com.tr\/index.php\/urun\/siemens-6fx3002-2ct12-1bf0\/","article_modified_time":"2024-11-01T12:43:49+00:00","og_image":[{"width":500,"height":500,"url":"https:\/\/portalendustriyel.com.tr\/wp-content\/uploads\/2024\/02\/Portal-Siemens-6FX3002-2CT12-1BF0.jpg","type":"image\/jpeg"}],"twitter_card":"summary_large_image","twitter_misc":{"Tahmini okuma s\u00fcresi":"1 dakika"},"schema":{"@context":"https:\/\/schema.org","@graph":[{"@type":"WebPage","@id":"https:\/\/portalendustriyel.com.tr\/index.php\/urun\/siemens-6fx3002-2ct12-1bf0\/","url":"https:\/\/portalendustriyel.com.tr\/index.php\/urun\/siemens-6fx3002-2ct12-1bf0\/","name":"6FX3002-2CT12-1BF0 -","isPartOf":{"@id":"https:\/\/portalendustriyel.com.tr\/#website"},"primaryImageOfPage":{"@id":"https:\/\/portalendustriyel.com.tr\/index.php\/urun\/siemens-6fx3002-2ct12-1bf0\/#primaryimage"},"image":{"@id":"https:\/\/portalendustriyel.com.tr\/index.php\/urun\/siemens-6fx3002-2ct12-1bf0\/#primaryimage"},"thumbnailUrl":"https:\/\/portalendustriyel.com.tr\/wp-content\/uploads\/2024\/02\/Portal-Siemens-6FX3002-2CT12-1BF0.jpg","datePublished":"2024-02-04T13:28:27+00:00","dateModified":"2024-11-01T12:43:49+00:00","description":"SIEMENS 6FX3002-2CT12-1BF0, sinyal kablosu TTL S-1 3X2X0.2+2X2X0.25C, Dmax=7,2 mm Uzunluk (m)=15 m","breadcrumb":{"@id":"https:\/\/portalendustriyel.com.tr\/index.php\/urun\/siemens-6fx3002-2ct12-1bf0\/#breadcrumb"},"inLanguage":"tr","potentialAction":[{"@type":"ReadAction","target":["https:\/\/portalendustriyel.com.tr\/index.php\/urun\/siemens-6fx3002-2ct12-1bf0\/"]}]},{"@type":"ImageObject","inLanguage":"tr","@id":"https:\/\/portalendustriyel.com.tr\/index.php\/urun\/siemens-6fx3002-2ct12-1bf0\/#primaryimage","url":"https:\/\/portalendustriyel.com.tr\/wp-content\/uploads\/2024\/02\/Portal-Siemens-6FX3002-2CT12-1BF0.jpg","contentUrl":"https:\/\/portalendustriyel.com.tr\/wp-content\/uploads\/2024\/02\/Portal-Siemens-6FX3002-2CT12-1BF0.jpg","width":500,"height":500},{"@type":"BreadcrumbList","@id":"https:\/\/portalendustriyel.com.tr\/index.php\/urun\/siemens-6fx3002-2ct12-1bf0\/#breadcrumb","itemListElement":[{"@type":"ListItem","position":1,"name":"Anasayfa","item":"https:\/\/portalendustriyel.com.tr\/"},{"@type":"ListItem","position":2,"name":"Ma\u011faza","item":"https:\/\/portalendustriyel.com.tr\/index.php\/magaza\/"},{"@type":"ListItem","position":3,"name":"6FX3002-2CT12-1BF0"}]},{"@type":"WebSite","@id":"https:\/\/portalendustriyel.com.tr\/#website","url":"https:\/\/portalendustriyel.com.tr\/","name":"www.portalendustriyel.com.tr","description":"End&uuml;striyel &Ccedil;&ouml;z&uuml;m Orta\u011f\u0131n\u0131z","publisher":{"@id":"https:\/\/portalendustriyel.com.tr\/#organization"},"potentialAction":[{"@type":"SearchAction","target":{"@type":"EntryPoint","urlTemplate":"https:\/\/portalendustriyel.com.tr\/?s={search_term_string}"},"query-input":{"@type":"PropertyValueSpecification","valueRequired":true,"valueName":"search_term_string"}}],"inLanguage":"tr"},{"@type":"Organization","@id":"https:\/\/portalendustriyel.com.tr\/#organization","name":"Portal End\u00fcstriyel Sistemler San. ve Tic. Ltd. \u015eti","url":"https:\/\/portalendustriyel.com.tr\/","logo":{"@type":"ImageObject","inLanguage":"tr","@id":"https:\/\/portalendustriyel.com.tr\/#\/schema\/logo\/image\/","url":"https:\/\/portalendustriyel.com.tr\/wp-content\/uploads\/2023\/10\/Portal-Logo.jpg","contentUrl":"https:\/\/portalendustriyel.com.tr\/wp-content\/uploads\/2023\/10\/Portal-Logo.jpg","width":1277,"height":460,"caption":"Portal End\u00fcstriyel Sistemler San. ve Tic. Ltd. \u015eti"},"image":{"@id":"https:\/\/portalendustriyel.com.tr\/#\/schema\/logo\/image\/"},"sameAs":["https:\/\/www.linkedin.com\/company\/101302018\/admin\/feed\/posts\/"]}]}},"_links":{"self":[{"href":"https:\/\/portalendustriyel.com.tr\/index.php\/wp-json\/wp\/v2\/product\/825","targetHints":{"allow":["GET"]}}],"collection":[{"href":"https:\/\/portalendustriyel.com.tr\/index.php\/wp-json\/wp\/v2\/product"}],"about":[{"href":"https:\/\/portalendustriyel.com.tr\/index.php\/wp-json\/wp\/v2\/types\/product"}],"replies":[{"embeddable":true,"href":"https:\/\/portalendustriyel.com.tr\/index.php\/wp-json\/wp\/v2\/comments?post=825"}],"wp:featuredmedia":[{"embeddable":true,"href":"https:\/\/portalendustriyel.com.tr\/index.php\/wp-json\/wp\/v2\/media\/4293"}],"wp:attachment":[{"href":"https:\/\/portalendustriyel.com.tr\/index.php\/wp-json\/wp\/v2\/media?parent=825"}],"wp:term":[{"taxonomy":"product_brand","embeddable":true,"href":"https:\/\/portalendustriyel.com.tr\/index.php\/wp-json\/wp\/v2\/product_brand?post=825"},{"taxonomy":"product_cat","embeddable":true,"href":"https:\/\/portalendustriyel.com.tr\/index.php\/wp-json\/wp\/v2\/product_cat?post=825"},{"taxonomy":"product_tag","embeddable":true,"href":"https:\/\/portalendustriyel.com.tr\/index.php\/wp-json\/wp\/v2\/product_tag?post=825"}],"curies":[{"name":"wp","href":"https:\/\/api.w.org\/{rel}","templated":true}]}}